0709
What are the prime factors of 14926721?
467, 31963
What are the prime factors of 597207?
3, 13, 15313
List the prime factors of 1103846.
2, 547, 1009
List the prime factors of 203295.
3, 5, 13553
List the prime factors of 119401.
139, 859
List the prime factors of 160708.
2, 40177
List the prime factors of 314982.
2, 3, 19, 307
What are the prime factors of 339701?
19, 941
List the prime factors of 6682222.
2, 59, 56629
What are the prime factors of 148019?
17, 8707
List the prime factors of 3319403.
17, 195259
List the prime factors of 19945219.
7, 2849317
What are the prime factors of 2219156?
2, 554789
List the prime factors of 16920876.
2, 3, 7, 4111
What are the prime factors of 4763975?
5, 29, 6571
What are the prime factors of 18822547?
18822547
What are the prime factors of 28786091?
353, 81547
What are the prime factors of 16304133?
3, 127, 42793
What are the prime factors of 3348?
2, 3, 31
List the prime factors of 2993462.
2, 17, 5179
What are the prime factors of 55015?
5, 11003
What are the prime factors of 105259?
7, 11, 1367
What are the prime factors of 206919?
3, 83, 277
List the prime factors of 571893.
3, 7, 113, 241
What are the prime factors of 2659169?
53, 131, 383
List the prime factors of 876707.
13, 17, 3967
What are the prime factors of 135785?
5, 13, 2089
What are the prime factors of 357683?
357683
What are the prime factors of 610589?
7, 17, 733
List the prime factors of 15796901.
389, 40609
What are the prime factors of 402194?
2, 13, 31, 499
What are the prime factors of 31281?
3, 10427
List the prime factors of 44506.
2, 7, 11, 17
What are the prime factors of 3061177?
7, 62473
List the prime factors of 193.
193
What are the prime factors of 685029?
3, 389, 587
List the prime factors of 188514.
2, 3, 3491
What are the prime factors of 694887?
3, 19, 73, 167
List the prime factors of 702621.
3, 53, 491
What are the prime factors of 997688?
2, 311, 401
List the prime factors of 26666568.
2, 3, 23, 16103
List the prime factors of 17764606.
2, 8882303
What are the prime factors of 158500?
2, 5, 317
List the prime factors of 13422521.
7, 273929
What are the prime factors of 252897?
3, 84299
List the prime factors of 9714670.
2, 5, 7, 137, 1013
What are the prime factors of 30139?
30139
List the prime factors of 66193.
37, 1789
List the prime factors of 4962270.
2, 3, 5, 251, 659
What are the prime factors of 20027505?
3, 5, 1335167
What are the prime factors of 841790?
2, 5, 84179
What are the prime factors of 4628146?
2, 2314073
What are the prime factors of 10581513?
3, 127, 27773
What are the prime factors of 311412?
2, 3, 25951
What are the prime factors of 309360?
2, 3, 5, 1289
List the prime factors of 877987.
11, 79817
List the prime factors of 484825.
5, 11, 41, 43
List the prime factors of 2906820.
2, 3, 5, 7, 769
What are the prime factors of 617845?
5, 29, 4261
List the prime factors of 303270.
2, 3, 5, 11, 919
List the prime factors of 4423391.
7, 631913
List the prime factors of 825134.
2, 412567
What are the prime factors of 8226590?
2, 5, 521, 1579
List the prime factors of 290394.
2, 3, 13, 17, 73
What are the prime factors of 2985624?
2, 3, 41467
What are the prime factors of 365005?
5, 37, 1973
List the prime factors of 3012250.
2, 5, 12049
List the prime factors of 8671665.
3, 5, 313, 1847
List the prime factors of 3369945.
3, 5, 29, 61, 127
What are the prime factors of 803937?
3, 89, 3011
What are the prime factors of 30417?
3, 10139
What are the prime factors of 5588583?
3, 7, 11, 13, 1861
What are the prime factors of 9311219?
211, 44129
What are the prime factors of 3377897?
1259, 2683
What are the prime factors of 162826?
2, 17, 4789
List the prime factors of 37497.
3, 29, 431
What are the prime factors of 11228815?
5, 13, 172751
What are the prime factors of 12515949?
3, 419, 3319
What are the prime factors of 4745197?
4745197
What are the prime factors of 366656?
2, 17, 337
List the prime factors of 4325297.
503, 8599
What are the prime factors of 218398?
2, 109199
List the prime factors of 84018.
2, 3, 11, 19, 67
List the prime factors of 181455.
3, 5, 12097
What are the prime factors of 8121065?
5, 1624213
What are the prime factors of 3872?
2, 11
List the prime factors of 17398953.
3, 11, 13, 1229
List the prime factors of 100153.
100153
List the prime factors of 705142.
2, 271, 1301
What are the prime factors of 847387?
113, 7499
What are the prime factors of 2068192?
2, 7, 1319
What are the prime factors of 5930786?
2, 61, 173, 281
What are the prime factors of 142570?
2, 5, 53, 269
List the prime factors of 204241.
167, 1223
What are the prime factors of 3238956?
2, 3, 7, 12853
What are the prime factors of 103199?
31, 3329
List the prime factors of 4587493.
19, 83, 2909
What are the prime factors of 9617132?
2, 7, 139, 353
What are the prime factors of 1864535?
5, 257, 1451
List the prime factors of 3353752.
2, 67, 6257
List the prime factors of 10668788.
2, 13, 199, 1031
List the prime factors of 26437173.
3, 7, 953, 1321
What are the prime factors of 1187763?
3, 395921
What are the prime factors of 690676?
2, 7, 17, 1451
List the prime factors of 8803330.
2, 5, 733, 1201
What are the prime factors of 691353?
3, 13, 19, 311
List the prime factors of 505611.
3, 56179
What are the prime factors of 2474759?
7, 349, 1013
List the prime factors of 520652.
2, 11, 11833
What are the prime factors of 4162924?
2, 1040731
List the prime factors of 670704.
2, 3, 89, 157
List the prime factors of 1386204.
2, 3, 71, 1627
List the prime factors of 517663.
617, 839
List the prime factors of 5904124.
2, 1476031
What are the prime factors of 9490027?
409, 23203
What are the prime factors of 1915600?
2, 5, 4789
List the prime factors of 4412447.
13, 31, 10949
What are the prime factors of 9986093?
13, 768161
What are the prime factors of 335907?
3, 11, 13, 29
List the prime factors of 2019022.
2, 17, 43, 1381
List the prime factors of 3031865.
5, 17, 53, 673
List the prime factors of 295299.
3, 10937
What are the prime factors of 3874208?
2, 13, 67, 139
What are the prime factors of 799496?
2, 37, 73
List the prime factors of 4151816.
2, 193, 2689
List the prime factors of 639097.
61, 10477
List the prime factors of 122352.
2, 3, 2549
List the prime factors of 3070894.
2, 19, 211, 383
What are the prime factors of 18466648?
2, 233, 9907
List the prime factors of 22565093.
23, 981091
What are the prime factors of 568633?
13, 17, 31, 83
What are the prime factors of 1046081?
1046081
What are the prime factors of 207332?
2, 17, 3049
What are the prime factors of 55152?
2, 3, 383
List the prime factors of 377416.
2, 13, 19, 191
List the prime factors of 22052132.
2, 73, 75521
What are the prime factors of 1177011?
3, 11, 1321
List the prime factors of 411661.
211, 1951
What are the prime factors of 15238194?
2, 3, 2539699
What are the prime factors of 1685123?
11, 307, 499
List the prime factors of 253656.
2, 3, 13, 271
What are the prime factors of 38509?
97, 397
List the prime factors of 225421.
7, 32203
What are the prime factors of 25255016?
2, 37, 41, 2081
What are the prime factors of 135148?
2, 13, 23, 113
List the prime factors of 16789087.
7, 2398441
List the prime factors of 183853.
37, 4969
What are the prime factors of 152069?
41, 3709
What are the prime factors of 2579409?
3, 7, 5849
What are the prime factors of 950568?
2, 3, 39607
List the prime factors of 265119.
3, 67, 1319
List the prime factors of 14550986.
2, 337, 21589
What are the prime factors of 109785?
3, 5, 13, 563
What are the prime factors of 311930?
2, 5, 31193
List the prime factors of 331921.
331921
What are the prime factors of 3521386?
2, 11, 67, 2389
List the prime factors of 3736867.
3736867
List the prime factors of 4911891.
3, 661, 2477
What are the prime factors of 154819?
7, 17, 1301
List the prime factors of 24206408.
2, 113, 26777
List the prime factors of 231536.
2, 29, 499
What are the prime factors of 11112633?
3, 7, 47, 139
List the prime factors of 5685777.
3, 631753
List the prime factors of 4495.
5, 29, 31
What are the prime factors of 28950007?
28950007
What are the prime factors of 683924?
2, 19, 8999
List the prime factors of 933988.
2, 11, 21227
List the prime factors of 64567.
64567
What are 